3*d = 4 - 95, d = -2*m + 187. Let b = m - -1. What is the units digit of b?
5
Suppose 2*p - p + 3*r - 7 = 0, -4*r + 4 = 0. Suppose -5*k = -2*l + 69, 0 = p*k - 4*l + l + 51. Let x = k - -59. What is the units digit of x?
4
Suppose 0 = -o - 5*s + 53, -257 = -4*o + 5*s - 10*s. What is the tens digit of o?
6
Let c(q) be the third derivative of q**5/60 + q**4/12 + q**3/2 + 5*q**2. Let z be c(-2). Suppose z*w - 18 = x, 12 = 2*w + 2*x - x. What is the units digit of w?
6
Let a = 8212 + -5193. What is the thousands digit of a?
3
Suppose 3*q - 612 = 2*q - 5*v, -2*q = -v - 1257. Suppose -4*g = 5*s - q, 4*s + 2*g - 533 = -29. What is the units digit of s?
7
Let z = 33 - 29. Suppose 2*s = -z*s. Suppose 0 = -s*o + 4*o - 176. What is the tens digit of o?
4
Suppose -4*g - c - 1077 = -8*g, 4*g - 3*c - 1071 = 0. What is the units digit of g?
0
Let m(j) = j**2 - 8*j - 7. Let v = -9 - -10. Let l be v/(-3) - (-336)/36. What is the units digit of m(l)?
2
Let l(c) = -c**2 + 10*c - 14. Let a be l(7). Suppose -4*d + 58 = u, -3*u + a*u - 4*d - 212 = 0. What is the tens digit of u?
5
Suppose -74 = -2*t - 5*k - 9, -4*k = -20. Let f = t - 18. Suppose -g = f*x - 45, 2*g = -4*x + 6*g + 108. What is the tens digit of x?
2
Let s = 348 + 1754. What is the hundreds digit of s?
1
Let q be (36/(-90))/(2/(-60)). What is the tens digit of 2*q*(-4)/(-3)?
3
Let l(h) = 28*h**2 + h - 5. Let f be l(2). Let x = -78 + f. What is the tens digit of x?
3
Suppose 5*m = -0 + 5. Suppose 0 = -4*c - m + 17. Suppose 5*p = -4*a + 3*p + 30, c*a = -5*p + 15. What is the tens digit of a?
1
Let x = 306 + 274. What is the tens digit of x?
8
Let l(f) = f + 28. Let x be l(-8). Suppose t = 5*t - x. Suppose -2*r - 6 = -0, -317 = -t*z - r. What is the tens digit of z?
6
Let f(g) = -g + 5. Let l be f(5). Suppose l*c + 4*c = 180. What is the tens digit of c?
4
Suppose 3*u - 85 = -5*a, -30 = -a + 3*u - u. Suppose -y + a = -28. What is the tens digit of y?
4
Suppose 4*m - 1040 = -5*n, 4*m + m = -5*n + 1040. What is the tens digit of n?
0
Let k(x) = 6*x**2 - 4*x + 17. Suppose 2*t + 20 = -2*t. What is the hundreds digit of k(t)?
1
Suppose -57*x - 12953 + 104666 = 0. What is the units digit of x?
9
Suppose g = -5*i - 8 - 3, -3*g + i + 31 = 0. Let h(l) = -l**3 + 9*l**2 + 5*l + 19. What is the tens digit of h(g)?
6
Let g = 159 - 95. Let i = g + 33. Suppose 0 = 3*j + 4*u - 9*u - i, 2*j + 4*u = 50. What is the tens digit of j?
2
Let t be 23/(-4 + (-55)/(-15)). Let k = t + 92. What is the units digit of k?
3
Let o(q) = -q**3 - 18*q**2 - 18*q + 68. What is the units digit of o(-18)?
2
Let o(b) = -b**2 + 8*b + 3. Let s be o(8). Let q(m) = 7 + 5*m + 3 - 3. What is the units digit of q(s)?
2
Suppose 2918 = 6*f - 1042. Suppose f = 23*w - 17*w. What is the tens digit of w?
1
Suppose 13*x = 2*z + 9*x - 200, -3*z - 4*x + 320 = 0. What is the hundreds digit of z?
1
Let s = 1136 + -409. What is the units digit of s?
7
Let l(f) = f**3 - 6*f**2 - 27*f + 9. Let x be l(11). Suppose x = 16*g - 15*g. What is the tens digit of g?
1
Let l(h) = 9*h**2 + 2. Let b be (-5)/(-10)*(4 + -2). Let u(z) = z + 1. Let i be u(b). What is the units digit of l(i)?
8
Suppose -6*s + 11 = -s - 4*d, d + 14 = 5*s. Suppose -2*f + 7 = f + 2*i, 5*f + 1 = s*i. Let t = 12 - f. What is the units digit of t?
1
Let j = -1103 + 1779. What is the hundreds digit of j?
6
Let g(l) = l - 1. Let m be g(7). Let x be ((-72)/30)/(m/(-200)). Suppose -25 = -5*q + x. What is the units digit of q?
1
Suppose 4*c - 3*n - 19508 = 0, -58*n = 5*c - 63*n - 24385. What is the tens digit of c?
7
Suppose 2*g + 4*c - 28 = -g, 4*g + c - 33 = 0. Suppose 0 = 4*s - 30 - 30. Let q = s - g. What is the units digit of q?
7
Suppose -2*i - 278 + 1174 = 0. What is the hundreds digit of i?
4
Suppose -4*d + 3*o - 382 = 0, d + 0*d = o - 95. Let c be -3 + 8/4 - d. Suppose 2*n + 2*n = c. What is the tens digit of n?
2
Let u(v) = -394*v - 10. Let k be u(-3). Suppose -463 = -5*z + k. What is the hundreds digit of z?
3
Suppose -3*u + 3*o = 156, -3*u + 43 = 4*o + 199. Let v = u + 93. What is the units digit of v?
1
Let s(j) = -j**2 - 3*j + 1. Let g be s(-2). What is the units digit of (6 - 7)/((6/(-362))/g)?
1
Let j(z) = -z**3 + 3*z**2 + z - 1. Let u be j(3). Suppose -u*x = -7*x + 60. Let w = x - 4. What is the units digit of w?
8
Suppose -3*d - 1 = 2. What is the units digit of ((-1)/d)/(6/48)?
8
Suppose 0 = 5*m - 2*k - 25, -3*m - 2*m = -k - 25. Suppose m*h = 3*h - 6. Let b(r) = -r. What is the units digit of b(h)?
3
Let p(l) = -l**3 - 4*l**2 + 5*l + 16. Suppose 5*v - 26 + 11 = 0. Suppose -v*c = -7*c - 20. What is the units digit of p(c)?
6
Let i be 2 - (-4 - -6) - 3. Let r be i/(-1 - 3/(-12)). Suppose -r*g + 235 = 5*h, 3*g + 2*h - 40 = 131. What is the units digit of g?
5
Suppose -3*i - 210 = -5*i. Let c = -8 + i. What is the units digit of c?
7
Let f(p) = -718*p + 346. What is the hundreds digit of f(-3)?
5
Let c(i) = i**2 + 2. Suppose 0*w + w = 0. Let o be (-1 + 0 - w) + 4. What is the tens digit of c(o)?
1
What is the units digit of (331/2)/(70/60 + -1)?
3
Let m(u) = 33*u + 90. What is the tens digit of m(21)?
8
Let z(i) = 41*i + 49. What is the tens digit of z(9)?
1
Suppose -o + 4*n = -339, -1296 = -4*o - 4*n - 0*n. What is the units digit of o?
7
Let w(b) = -437*b**3 - b**2 + 4*b - 1. What is the thousands digit of w(-2)?
3
Suppose 2*f - 14 + 6 = 0. Suppose 0 = 3*n + a - 4*a, -5*n - f*a + 18 = 0. What is the tens digit of (20/4)/(1/n)?
1
Let w = 57 + -29. Let l = w + -15. What is the units digit of l?
3
Let c be 2/2 + 27 - 4. Suppose -c = 2*t - 208. What is the tens digit of t?
9
Let j = -16 - -65. Suppose 2*f = j + 29. What is the units digit of f?
9
Let p(i) be the third derivative of i**6/120 - i**5/30 + 5*i**4/24 + i**3/6 + 10*i**2. What is the units digit of p(5)?
1
What is the thousands digit of 110/660 - 9521/(-6)?
1
Let y = -40 - -130. Let z = 45 + -14. Let u = y - z. What is the units digit of u?
9
Suppose -490 = -4*q - 2*k, q = -k + 40 + 80. What is the hundreds digit of q?
1
Let m be 15/(-5 - (0 + -8)). Let j = 185 - m. What is the tens digit of j?
8
Let j(b) = -3 + 6*b - 2*b + 6*b + 11. What is the units digit of j(3)?
8
Suppose r - 11 = 5*m, -3*r - m - 2*m = -51. What is the units digit of r?
6
Let y(f) = 5 - 7*f + 16*f**2 - 5*f**2 - 12*f**2. Suppose -a = 2*a + 18. What is the units digit of y(a)?
1
Suppose 2*a - 1 = 11. Suppose -7*r + 123 = -a*r. What is the units digit of r?
3
What is the tens digit of ((-17810)/15)/(12/(-36))?
6
Suppose -3*i + 1395 = 3*n, 3*n + i + 1387 = 6*n. What is the units digit of n?
3
Let y = -3889 + 6073. What is the units digit of y?
4
Suppose 56 - 114 = -2*g. What is the units digit of g?
9
Let r be ((-166)/4)/((-5)/10). Suppose 3*v + a = r, 3*v - 3*a - a - 103 = 0. What is the units digit of v?
9
Let c be 0 + ((-8)/(-4) - 0). Suppose 4*x - 100 = -c*k, 0*k + 5*k - 5*x - 205 = 0. Suppose r + t = 21, 2*r = -t - 3*t + k. What is the units digit of r?
0
Let a(w) = 86*w**2 + 3*w + 15. What is the units digit of a(5)?
0
Let u(m) = -m**3 + m**2 + m - 3. Let k be u(0). What is the units digit of (k - 321/15)*-10?
4
Suppose w = 2*v + 1503, -2*w = -5*w + 4*v + 4515. What is the hundreds digit of w?
5
Suppose -3340 = -6*z + 5324. What is the units digit of z?
4
Let l(j) = 174*j**2 - j + 13. What is the hundreds digit of l(3)?
5
Let o = -481 + 657. What is the units digit of o?
6
Let k = 18 + 63. Suppose 0 = 2*g + 5*i - 266, 3*i - k = 3*g - 501. What is the tens digit of g?
3
Let c be (-2)/(-2 + 1 + (-2 - -1)). Suppose 3*n = 19 - c. What is the units digit of n?
6
Let w = 112 + -112. What is the units digit of (145/87)/(1/21 + w)?
5
Let g(h) be the first derivative of -3*h**2/2 - 11*h - 11. What is the tens digit of g(-7)?
1
Let w = -24 - -22. What is the tens digit of (-525)/10*24/(-14) + w?
8
Let i(g) = 33*g**2 - 22*g + 3. What is the tens digit of i(-4)?
1
Suppose 0 = -2*m + 3 - 1. What is the tens digit of (-4)/(-2) - m/(2/(-148))?
7
Let y = 99 + -94. Suppose -293 = -4*m - y*n + 160, -5*m + 545 = 2*n. What is the tens digit of m?
0
Let z be (4/(-3))/((-4)/(-582)). Let i be z/(-10) - 4/10. What is the tens digit of i - 1*(0 - 1)?
2
Let j(t) = t**2 - 3*t + 1. Let f be j(-6). Let v = 82 - f. What is the units digit of v?
7
Let r(x) = -2*x - 12. Let s be r(-8). Su